t and z?
6
Let m(p) = -11*p - 6. Let d be m(-5). Calculate the greatest common divisor of d and 7.
7
Let w = -71 - -75. What is the greatest common divisor of 64 and w?
4
Let f(d) = -10 - 81*d + 10. Let x be f(-1). Calculate the greatest common divisor of 9 and x.
9
Suppose 0 = 3*v + v + x - 536, 2*x = -3*v + 407. What is the highest common factor of 7 and v?
7
Let w be 16 + 0 - 6/3. Let d = 21 - -35. What is the highest common divisor of w and d?
14
Let q be ((-1)/2 - 0)/((-4)/72). What is the highest common divisor of q and 6?
3
Let r(p) = -p + 4. Let h be r(-6). Suppose -2 = -i + h. Let o be 3*5 + (4 - 1). Calculate the greatest common factor of o and i.
6
Let a(t) be the second derivative of 1/6*t**3 - 2*t + 5/2*t**2 + 0. Let r be a(6). Calculate the greatest common factor of 99 and r.
11
Let l be 25/10 + 2/4. Calculate the highest common divisor of 33 and l.
3
Suppose -2*u = -2 - 4. Suppose -u*v - 4 + 13 = 0. What is the greatest common divisor of v and 24?
3
Let x = -24 - -32. What is the greatest common factor of x and 88?
8
Let b(n) = 5*n + 4. Let y(k) = -9*k - 7. Let r(q) = -5*b(q) - 3*y(q). Let m be r(4). What is the highest common divisor of 99 and m?
9
Let y be 66 - 3/(12/(-16)). Calculate the highest common divisor of 10 and y.
10
Let a(u) = 3*u**2 - u - 1. Let b(x) = x**2 - 4*x - 7. Let p be b(5). Let z be a(p). What is the highest common factor of 117 and z?
13
Suppose -z - 3*s = -20, -3*s = 2*z - 9 - 22. What is the highest common factor of 110 and z?
11
Let t(d) = 29*d - 2. Suppose -4 = -2*n, 0*r - 2*r + 4 = -5*n. Let h be -2 + (2 - 5) + r. Let b be t(h). Calculate the greatest common divisor of b and 7.
7
Suppose 0 = -3*d + 5*d - 16. What is the greatest common divisor of 8 and d?
8
Let v(f) = 8*f**2 - f - 1. Let q be v(2). Let l = q - 16. Calculate the highest common divisor of l and 39.
13
Let k = 668 + -215. Let p be (-5)/(-40) + k/24. Calculate the highest common factor of p and 133.
19
Let b be 90/3 + 2 - 4. Let h(d) = -d**3 + d**2 + d + 14. Let o be h(0). What is the greatest common divisor of b and o?
14
Suppose -m + 2*p + 16 = -3*m, 3*p = 5*m + 48. Let j(o) = -o - 7. Let z be j(m). Let i be (-27)/z*(-32)/6. What is the greatest common divisor of i and 18?
18
Let d be -2 + (46*-2)/(-4). What is the greatest common factor of d and 21?
21
Let q be 20/6 + 3/(-9). Calculate the highest common factor of 3 and q.
3
Let l be (-1)/((-312)/(-105) + -3). Let g(s) = -2*s**2 - 7*s + 8. Let a be g(-6). Let d = a + l. Calculate the greatest common factor of 65 and d.
13
Suppose 5*t - 4 = 3*t. Suppose -t*h = -h - 2. Let a be h/(-8) - (-13)/4. What is the highest common factor of 12 and a?
3
Let n = 11 + -8. Let t(m) = 12*m**2 + 0*m**3 - m**n - 4*m**2 - 6*m + 5. Let y be t(7). Calculate the greatest common divisor of 96 and y.
12
Let g(j) = -2*j - 9. Let w be g(-6). Suppose 0 = -f + v + 4*v, -4 = -f + w*v. Calculate the highest common factor of 80 and f.
10
Suppose 27*s - 570 = 21*s. Suppose -w + 5*p + 11 = p, 4*w = 3*p + 70. Calculate the highest common factor of w and s.
19
Let u(s) = -s**3 - 9*s**2 - 3*s + 13. Let c be u(-11). What is the greatest common factor of c and 36?
36
Let k = -30 + 54. Let w be k/14 - 2/(-7). Suppose -m - 13 = -w*m. What is the highest common factor of m and 143?
13
Let v = -18 - -22. What is the highest common factor of 8 and v?
4
Suppose 4*d + 93 + 83 = 0. Let r = d - -25. Let w = -8 - r. What is the highest common factor of w and 1?
1
Let k(d) = -d**3 + 8*d**2 - 6*d - 5. Let j be (-21)/9*(-5 + 2). Let w be k(j). What is the greatest common divisor of w and 6?
2
Let h(m) = 3*m**2 + 0*m**2 + 0*m**2 - m**3 - 4*m**2. Let a be h(-2). What is the greatest common factor of a and 28?
4
Suppose -10*c + 6*c = -152. Calculate the highest common factor of c and 19.
19
Let o(h) = h**3 + 9*h**2 - 4. Let f be o(-6). Suppose 4*g - 3*x = 58, -44 = g - 5*g - 4*x. What is the highest common factor of g and f?
13
Let t(x) = -2*x**3 - 3*x**2 + x + 3. Let c be t(-1). What is the highest common divisor of c and 17?
1
Suppose 0 = 3*r - 51 - 21. Calculate the greatest common factor of 6 and r.
6
Suppose 2*i + 45 + 41 = 0. Let c = i - -62. Let g be c/2 - (-1)/2. Calculate the highest common divisor of 70 and g.
10
Let m(a) = 19*a**2 + 2*a - 1. Let l = -3 - -4. Let f be m(l). Calculate the highest common factor of f and 20.
20
Suppose -62 = -f + y + y, -4*f - y = -293. Let l be f/(-15)*1*-10. Calculate the greatest common divisor of l and 16.
16
Suppose 57 = 2*m - 5*w - 6, -3*w + 23 = 2*m. Calculate the highest common divisor of 38 and m.
19
Let x = -12 + 6. Let m be 6/(-2) - (x - 0). Suppose 0*o + 15 = o. Calculate the highest common divisor of m and o.
3
Let z(l) = l**2 - 17*l + 20. Let y be z(20). Calculate the highest common divisor of y and 32.
16
Let v = -144 + 214. Let n be (5 - 8)*(-14)/3. Calculate the greatest common divisor of v and n.
14
Suppose 4*m = -8, -4*q + m + 22 = 4. Let c be (-2)/(-8) - (-7)/q. Let g(w) = w**2 + 5*w + 8. Let f be g(-7). Calculate the greatest common factor of c and f.
2
Suppose -5*j + 80 = 5*c, -j - c = 4*c - 4. Let l = j - 10. Suppose -309 = -4*a - t + 4*t, -t - 157 = -2*a. Calculate the highest common factor of a and l.
9
Suppose -2*i = 4*r - 38, 5*r - 80 = -i + 5*i. Calculate the greatest common factor of r and 30.
6
Suppose -j - j = -2. What is the highest common factor of 1 and j?
1
Suppose 3*b - 5*a - 20 = 0, -2*b + b + 16 = -4*a. Suppose -5*x + 71 = 5*y + 6, b = -3*x - 2*y + 38. What is the highest common divisor of x and 60?
12
Let d(j) = 2*j**2 - 22*j + 8. Let s be d(15). Calculate the greatest common divisor of s and 16.
16
Suppose -7*x = -2*x - 15. Calculate the highest common divisor of x and 1.
1
Suppose 0 = -5*a + 4*a + 5. Suppose 0 = -a*d + 65 + 215. Suppose 4*h + 6 - 18 = -4*o, -2*o - h = -11. Calculate the greatest common factor of o and d.
8
Let v(b) = -b**2 - 9*b - 4. Let i be v(-4). Suppose 3*l = 3*w - 90, 118 = -0*w + 4*w - 5*l. Calculate the highest common divisor of w and i.
16
Suppose -y = y - 110. Calculate the greatest common factor of 11 and y.
11
Suppose 3*z - z - 60 = 0. Let u be 98/5 + 12/z. Calculate the greatest common factor of u and 4.
4
Let j = 53 + -115. Let u = -25 + -16. Let d = u - j. Calculate the highest common divisor of d and 21.
21
Let u = -34 + 55. Calculate the highest common factor of u and 14.
7
Let n(u) = u + 26. Let j be n(-14). Let w be 84 + 0 + -1 + 1. What is the highest common factor of w and j?
12
Let f(o) = -o**2 + 6*o + 1. Let j be f(6). Let m(i) = -8*i**3 - 1. Let d be m(j). Let t be (d/6)/((-3)/4). What is the highest common divisor of t and 14?
2
Suppose 4*c - 2*c = 230. What is the highest common factor of 23 and c?
23
Let r(g) = -11*g + 6. Suppose -3*p + 108 = 5*h, -4*h + 92 = p - 0*p. Suppose -y = 3*y + h. Let s be r(y). What is the highest common factor of s and 9?
9
Let o(p) = -7*p + 10. Suppose 3*g = -0*g. Suppose -5*q + 25 = g, -4*t + 2*q + 2*q = 52. Let s be o(t). What is the greatest common factor of s and 6?
6
Suppose u = 4*a - 574, 9*u - 10 = 4*u. Calculate the highest common divisor of 48 and a.
48
Suppose -g - 5 = -14. Let r = g + -8. Let c be (1 + -2)*(-10)/r. Calculate the greatest common divisor of c and 25.
5
Let j = 502 + -320. Let f = j + -127. Suppose -5*w = 3*b - 160 + 41, 0 = 2*b - 6. What is the greatest common divisor of w and f?
11
Suppose 4*c - 8 = 4*q - 8*q, -c + 14 = 3*q. What is the highest common factor of q and 3?
3
Suppose -4*d + 456 = 15*d. Calculate the greatest common divisor of 6 and d.
6
Let z = 2 + 0. Suppose z*j + 6 = 4*p, 6 = -j + 5*p - 6. Suppose -2*f - 5*i = -19, -i - j = -0. What is the highest common factor of f and 187?
17
Let t be ((-1)/1)/(2/(-8)). Let s = -2 + t. Calculate the highest common factor of s and 2.
2
Let c = -174 + 122. Let j = c - -217. What is the highest common factor of j and 15?
15
Suppose 2*r - 3*b - 31 = 0, 4*r - 51 = -0*r - 5*b. Let g be 4/8*(r + 0). What is the highest common factor of g and 28?
7
Let n(k) = 3*k + 28. Let p be n(-9). Suppose 6 = 2*v - 0. Calculate the greatest common factor of v and p.
1
Let j = -13 + 25. Let g(y) = -y**2 - 11*y + 6. Let t be g(-8). What is the highest common divisor of t and j?
6
Let h be ((-54)/5)/(68/40 + -2). Let r = -11 + 2